*x = 33, -w*a - x = -5*x - 24. What is the units digit of a?
9
Let g(h) = -h + 12. Let v be g(7). Suppose 4*s - z + 2*z = v, 3*z - 1 = -5*s. Suppose 3*l + 5*q - 18 = s*q, 2 = 2*l + 4*q. What is the tens digit of l?
1
Let m(n) = 3*n**2 + n - 14. What is the tens digit of m(6)?
0
Let n = 12 + -6. Let z(l) = -3*l + 7. Let p be z(n). Let t = -7 - p. What is the units digit of t?
4
Let f = -269 - -386. What is the units digit of f?
7
Let g = 3 - -5. Let n(y) = -y**2 + 12*y - 7. Let x be n(g). Suppose -5*f = -x + 5. What is the units digit of f?
4
Let c = -7 - -13. Suppose c = -3*a + 3*r, 3*r = -a - 3*a + 20. Suppose 4*w + 3*k + 4 = 0, -3 - 7 = -w + a*k. What is the units digit of w?
2
Suppose 0 = -5*d + 5*y + 90, -4*y = 5*d + y - 50. Suppose -3*f = -d - 16. What is the units digit of f?
0
Suppose -6*t + 126 = -0*t. Let h = t - 19. What is the units digit of h?
2
Let k(d) = 4*d + 2*d**2 - d - 1 - 3*d. Suppose 0 = -0*h + 5*h - 10. What is the units digit of k(h)?
7
Let v(h) = -6*h**2 - 2*h**3 + 2*h - 7*h + h**3. Let m be v(-5). Suppose m*x = -3*x + 51. What is the units digit of x?
7
What is the units digit of (78/65)/((-2)/(-50))?
0
Suppose -2*m + 3*z = -147, 55 = -4*m + 4*z + 347. Suppose -3*f = -m - 48. What is the tens digit of f?
4
Let w be ((-4)/2 + 0)*2. Let i = 0 - w. What is the units digit of i?
4
What is the tens digit of ((-8)/6)/((-12)/18) - -223?
2
What is the tens digit of ((-259)/(-14))/((-1)/(-4))?
7
Suppose 3*a - 6 = 0, 5*a - 6 = 4*h + 4*a. Suppose 24 = 4*o - 0. Let i = o + h. What is the units digit of i?
5
Let n(h) = h**3 - 3*h**2 - 3*h - 3. Let k be n(3). Let g = 24 + k. What is the tens digit of g?
1
Let t(f) = f**3 + 3*f**2 - 3*f - 1. What is the units digit of t(-3)?
8
Suppose z - o + 4 = 0, 3*z - 2*o + 3*o - 4 = 0. Suppose z = -t + 2. Suppose 6 = 2*j + t*j - f, -j - 4*f + 10 = 0. What is the units digit of j?
2
Suppose -2*i + 221 = -15. What is the units digit of i?
8
Let i(u) = 23*u + 10. Let t(c) = 12*c + 5. Let p(q) = -4*i(q) + 7*t(q). What is the tens digit of p(-2)?
1
Let z = -6 + 8. Let o(g) be the first derivative of 6*g**2 - 3*g + 5. What is the tens digit of o(z)?
2
Suppose 191 = 2*n - 83. What is the units digit of n?
7
What is the tens digit of (-43 - 1)*54/(-24)?
9
Suppose -4*o + 43 = -5. What is the tens digit of o + 2/4*2?
1
Suppose -2*o = 4*a - 3*o - 1, 3*o + 12 = 3*a. Let j = 4 + a. Suppose -4*r - y + 69 = 0, -r - j*y + 31 = -0*r. What is the units digit of r?
6
Let f = 50 - -18. What is the units digit of f?
8
Suppose -p + 4 = 0, b - 2*p = 2*p - 11. Let w = -2 + b. Suppose 3*j + 5*u = -6, j - w*u = -7 + 19. What is the units digit of j?
3
Suppose -j - 3*s - 6 = 0, j - 10 = -0*j + s. What is the units digit of j?
6
Suppose -k + 24 = -t - 25, 0 = 4*k + 2*t - 214. What is the tens digit of k?
5
Let f be (-8)/(-20) + (-74)/10. Let w = f + 16. What is the units digit of w?
9
What is the tens digit of 4326/12 - (-3)/(-6)?
6
Suppose 0 = -4*s - 4 + 20. What is the tens digit of 6/(-12) + 70/s?
1
Let w(x) = -x + 14. Let s be w(6). Let a be (-2)/(3 - 1) + 13. Let g = a - s. What is the units digit of g?
4
Let r = 9 - 1. What is the units digit of r?
8
Let q = 13 - -15. What is the units digit of q?
8
Let v(i) = -2*i**3 - 2*i**2 - 5*i - 2. What is the units digit of v(-3)?
9
Let d(f) = f**3 - 6*f**2 + 5*f. Let w be d(5). Suppose w = -m + 11 - 3. Suppose 0 = n - 4*t, -4*n - 4*t + m*t = -36. What is the units digit of n?
2
Let b be 1 - 6 - (2 + -2). Let w(z) = -z - 1. Let m be w(b). Suppose m*s + o + 0 - 5 = 0, 0 = 5*o - 5. What is the units digit of s?
1
Suppose 150 = 16*p - 106. What is the units digit of p?
6
Let g(p) = -2*p. Let l be g(1). Let t be l + (3 + -1 - -2). What is the units digit of (6/(-15))/(t/(-20))?
4
Suppose -3 = 2*u - 49. What is the tens digit of u?
2
Let y(w) = -20*w**3 + 2*w**2 + 2*w + 1. Let s(v) = v + 1. Let h be s(0). Suppose 2 = -3*p - h. What is the units digit of y(p)?
1
Let u be (-26)/3 + 8/12. What is the tens digit of 159/15 + u/(-20)?
1
Let p(s) be the first derivative of s**2 - 3*s + 4. Suppose -4*a = -19 + 7. What is the units digit of p(a)?
3
Suppose 2*r = -r + 2*w + 10, 0 = r + 3*w + 4. Suppose o - 2*k - k = 11, -r*o + 23 = -5*k. What is the units digit of 102/o - (-2)/(-7)?
7
Suppose -2*u - u = 2*v - 27, 25 = 2*v + u. What is the tens digit of v?
1
Suppose u = -5*y + 158, y - u = -2*u + 30. Suppose 4*w - n = -0*w + 37, -3*w + y = -5*n. Suppose 0 = x - w + 3. What is the units digit of x?
6
Let k(t) = -t - 11. Let r be k(-14). Suppose r*f - 7*f = -100. What is the tens digit of f?
2
Suppose 2*d = -4 + 28. Let x be ((-8)/d)/(2/60). Let h = -14 - x. What is the units digit of h?
6
Suppose 4*x = -0*x + 192. What is the units digit of x?
8
Let z(j) = j**3 + 8*j**2 - 11*j + 3. What is the units digit of z(-7)?
9
Let z = 40 - 15. What is the units digit of z?
5
Let i(t) = 28*t - 35. What is the units digit of i(6)?
3
Suppose 4*c + 17 = 3*v + 6*c, 4*v + 2*c = 22. Suppose -140 = -v*z - 0*z. What is the units digit of z?
8
Suppose 0 = 4*p - 2*p + 14. Let z = p - -17. What is the units digit of z?
0
Suppose -2*y + 3 = y. Let h be 2 + -2 - (y + -3). Suppose 20 = h*b + 3*b. What is the units digit of b?
4
Suppose 0 = 2*y + 5 + 1. Let v(q) = 5*q**2 - 3*q - 1. What is the units digit of v(y)?
3
Suppose -2*p + u = -15 - 8, 4*p = 3*u + 45. Let l be (4/(-3))/((-8)/p). Suppose -l*y + 22 = -z, 4*y + 4*z - 30 = -z. What is the tens digit of y?
1
Let b(y) = y + 11. Let d be b(-6). Let u(o) = -2 + 0 - 1 + 0*o + d*o. What is the units digit of u(2)?
7
Let p = 18 - 10. Let f be 18/p*112/(-21). Let c = 17 + f. What is the units digit of c?
5
Suppose 8 + 6 = s. Let d = s - 9. What is the units digit of d?
5
Let k(z) be the second derivative of z**5/60 - 5*z**4/24 + z**3/3 - z**2/2 - 2*z. Let x(l) be the first derivative of k(l). What is the units digit of x(6)?
8
Suppose 4*x = x + 30. Suppose -5*i - x + 70 = 0. What is the tens digit of i?
1
Let f = -7 - -11. Let g(u) = 2*u**2 - 4*u + 5. What is the units digit of g(f)?
1
Let z = 119 - 67. What is the units digit of z?
2
Let w(q) be the second derivative of q**5/20 + 7*q**4/12 + q**3/2 - 4*q**2 - q. What is the tens digit of w(-6)?
1
Let z(q) be the third derivative of -q**6/120 + q**5/12 - q**4/6 - 2*q**2. Let a be z(4). Suppose 10 = x - a. What is the tens digit of x?
1
Let v(z) = z**3 + 13*z**2 + 5*z - 13. What is the tens digit of v(-8)?
6
Let x = -2 - -3. Let a be x/(-4) - (-50)/8. Let m(q) = -q**3 + 7*q**2 - 4*q - 4. What is the units digit of m(a)?
8
What is the units digit of 3 + -41*(2 + -3)?
4
What is the units digit of ((-14)/56)/((-1)/604)?
1
Let q be (2/(-6))/((-2)/18). Suppose -q*w + 80 = w. Suppose 0 = 2*a - 4 - w. What is the tens digit of a?
1
Suppose 2*n - 48 = n. Let z be 58/14 + 1/(-7). Suppose -z*u + 0 = -n. What is the units digit of u?
2
Let j = -6 + 2. What is the tens digit of (44/(-6))/(j/6)?
1
Suppose 3*k - 169 = -4*d, k - 5*d = -2*k + 187. Suppose -57 = -3*t - 3*c, -3*t - c + 6 = -k. What is the tens digit of t?
2
Suppose 4*a + 9 = -11. Suppose -12 = 5*u - 77. Let d = u + a. What is the units digit of d?
8
Suppose 3*o - 13 = -1. What is the units digit of o?
4
Let j(f) = -f**3 - 6*f**2 + 5*f - 10. Suppose z + 7 = -0*z. What is the units digit of j(z)?
4
Suppose 3*h - 2*t = 465, -h + 172 = -4*t + 7. What is the tens digit of (-4)/(-6)*h/6?
1
Suppose -343 = -0*g - 7*g. What is the tens digit of g?
4
Suppose -5*g + 116 = -24. What is the units digit of g?
8
Let i(x) = -2*x - 6. Let a be i(-5). Suppose 5*o - 9 - 101 = 0. Suppose -a*c - 4 = -j, c + o = 3*j - 1. What is the units digit of j?
8
Suppose 2*c - 10 = 0, -5*p + 5 = -0*p - 2*c. Suppose n - 2*k + 5 = -7*k, 49 = p*n - k. What is the tens digit of n?
1
Let a = 200 - 136. What is the tens digit of (a/(-20))/(3/(-15))?
1
Let v = 10 + -6. Suppose 5*y = u + 1 - 0, -3*u = -v*y - 30. What is the units digit of u?
4
Let b(r) = -r**2 - 6*r - 4. Let i be b(-6). Let q(u) = u**3 + 4*u**2 + 3. Let d be q(i). Suppose 5*n = d*n + 2. What is the units digit of n?
1
Let c(w) = w**3 + 4*w**2 - 3*w + 2. Let t be c(-5). Let g = -2 - t. What is the units digit of g?
6
Suppose -2*s - 34 = -3*f, 0 = -2*f + 2*s + 17 + 3. What is the units digit of f?
4
Let b(l) = -6*l**2 - 1. Let p be b(-1). What is